{"id":113,"date":"2012-06-11T17:54:33","date_gmt":"2012-06-11T17:54:33","guid":{"rendered":"http:\/\/www.wurzelbaere.de\/new\/?page_id=113"},"modified":"2025-02-24T10:49:56","modified_gmt":"2025-02-24T10:49:56","slug":"kontakt","status":"publish","type":"page","link":"http:\/\/www.wurzelbaere.de\/?page_id=113","title":{"rendered":"Kontakt"},"content":{"rendered":"<div align=\"center\">\n<table class=\" alignleft\" style=\"width: 728px; height: 547px;\" border=\"0\" width=\"707\" cellspacing=\"0\" cellpadding=\"0\">\n<tbody>\n<tr>\n<td style=\"text-align: center;\" width=\"22%\"><em><strong>Oberzunftmeister <\/strong><\/em><\/td>\n<td style=\"text-align: center;\" width=\"19%\"><em><strong>Schriftf\u00fchrer<\/strong><\/em><\/td>\n<td style=\"text-align: center;\" width=\"19%\"><\/td>\n<td style=\"text-align: center;\" width=\"18%\"><\/td>\n<td style=\"text-align: center;\" width=\"20%\"><\/td>\n<\/tr>\n<tr>\n<td style=\"text-align: center;\" width=\"22%\"><strong>Tino Ga\u00df<\/strong><\/td>\n<td style=\"text-align: center;\" width=\"19%\"><strong>Christina Quarti<\/strong><\/td>\n<td style=\"text-align: center;\" width=\"19%\"><\/td>\n<td style=\"text-align: center;\" width=\"18%\"><\/td>\n<td style=\"text-align: center;\" width=\"20%\"><\/td>\n<\/tr>\n<tr>\n<td width=\"22%\"><\/td>\n<td width=\"19%\"><\/td>\n<td style=\"text-align: center;\" width=\"19%\"><\/td>\n<td width=\"18%\"><\/td>\n<td width=\"20%\"><\/td>\n<\/tr>\n<tr>\n<td style=\"text-align: center;\" width=\"22%\"><em><strong>Kellermeister<\/strong><\/em><\/td>\n<td style=\"text-align: center;\" width=\"19%\"><strong><em>Kassierer<\/em><\/strong><\/td>\n<td style=\"text-align: center;\" width=\"19%\"><\/td>\n<td style=\"text-align: center;\" width=\"18%\"><\/td>\n<td style=\"text-align: center;\" width=\"20%\"><\/td>\n<\/tr>\n<tr>\n<td style=\"text-align: center;\" width=\"22%\"><strong>Andr\u00e9 Griese<\/strong><\/td>\n<td style=\"text-align: center;\" width=\"19%\"><strong>Nico Leopold<\/strong><\/td>\n<td width=\"19%\"><\/td>\n<td width=\"18%\"><\/td>\n<td width=\"20%\"><\/td>\n<\/tr>\n<tr>\n<td style=\"text-align: center;\" width=\"22%\"><\/td>\n<td style=\"text-align: center;\" width=\"19%\"><\/td>\n<td style=\"text-align: center;\" width=\"19%\"><\/td>\n<td style=\"text-align: center;\" width=\"18%\"><\/td>\n<td style=\"text-align: center;\" width=\"20%\"><\/td>\n<\/tr>\n<tr>\n<td style=\"text-align: center;\" width=\"22%\"><strong>Anmeldungen:\u00a0<\/strong><\/td>\n<td style=\"text-align: center;\" width=\"19%\"><\/td>\n<td style=\"text-align: center;\" width=\"19%\"><\/td>\n<td style=\"text-align: center;\" width=\"18%\"><\/td>\n<td style=\"text-align: center;\" width=\"20%\"><\/td>\n<\/tr>\n<tr>\n<td width=\"22%\"><strong>zunftschreiber.wurzelbaere@web.de<\/strong><\/td>\n<td width=\"19%\"><\/td>\n<td width=\"19%\"><\/td>\n<td width=\"18%\"><\/td>\n<td width=\"20%\"><\/td>\n<\/tr>\n<tr>\n<td width=\"22%\"><\/td>\n<td width=\"19%\"><\/td>\n<td width=\"19%\"><\/td>\n<td width=\"18%\"><\/td>\n<td width=\"20%\"><\/td>\n<\/tr>\n<tr>\n<td style=\"text-align: center;\" width=\"22%\"><\/td>\n<td style=\"text-align: center;\" width=\"19%\"><\/td>\n<td style=\"text-align: center;\" width=\"19%\"><\/td>\n<td style=\"text-align: center;\" width=\"18%\"><\/td>\n<td style=\"text-align: center;\" width=\"20%\"><\/td>\n<\/tr>\n<tr>\n<td style=\"text-align: center;\" width=\"22%\"><\/td>\n<td width=\"19%\"><\/td>\n<td style=\"text-align: center;\" width=\"19%\"><\/td>\n<td style=\"text-align: center;\" width=\"18%\"><\/td>\n<td width=\"20%\"><\/td>\n<\/tr>\n<tr>\n<td style=\"text-align: center;\" width=\"22%\"><\/td>\n<td style=\"text-align: center;\" width=\"19%\"><\/td>\n<td style=\"text-align: center;\" width=\"19%\"><\/td>\n<td style=\"text-align: center;\" width=\"18%\"><\/td>\n<td style=\"text-align: center;\" width=\"20%\"><\/td>\n<\/tr>\n<tr>\n<td width=\"22%\"><\/td>\n<td width=\"19%\"><\/td>\n<td width=\"19%\"><\/td>\n<td width=\"18%\"><\/td>\n<td width=\"20%\"><\/td>\n<\/tr>\n<tr>\n<td width=\"22%\"><\/td>\n<td width=\"19%\"><\/td>\n<td width=\"19%\"><\/td>\n<td style=\"text-align: center;\" width=\"18%\"><\/td>\n<td width=\"20%\"><\/td>\n<\/tr>\n<tr>\n<td style=\"text-align: center;\" width=\"22%\"><\/td>\n<td style=\"text-align: center;\" width=\"19%\"><\/td>\n<td style=\"text-align: center;\" width=\"19%\"><\/td>\n<td style=\"text-align: center;\" width=\"18%\"><\/td>\n<td style=\"text-align: center;\" width=\"20%\"><\/td>\n<\/tr>\n<tr>\n<td colspan=\"5\" width=\"100%\">Anschrift: Sommerstra\u00dfe 12 in 77656 OffenburgMailadresse: wurzelbaere@web.de<\/td>\n<\/tr>\n<\/tbody>\n<\/table>\n<\/div>\n","protected":false},"excerpt":{"rendered":"<p>Oberzunftmeister Schriftf\u00fchrer Tino Ga\u00df Christina Quarti Kellermeister Kassierer Andr\u00e9 Griese Nico Leopold Anmeldungen:\u00a0 zunftschreiber.wurzelbaere@web.de Anschrift: Sommerstra\u00dfe 12 in 77656 OffenburgMailadresse: wurzelbaere@web.de<\/p>\n","protected":false},"author":1,"featured_media":0,"parent":0,"menu_order":0,"comment_status":"open","ping_status":"open","template":"","meta":{"footnotes":""},"class_list":["post-113","page","type-page","status-publish","hentry"],"_links":{"self":[{"href":"http:\/\/www.wurzelbaere.de\/index.php?rest_route=\/wp\/v2\/pages\/113"}],"collection":[{"href":"http:\/\/www.wurzelbaere.de\/index.php?rest_route=\/wp\/v2\/pages"}],"about":[{"href":"http:\/\/www.wurzelbaere.de\/index.php?rest_route=\/wp\/v2\/types\/page"}],"author":[{"embeddable":true,"href":"http:\/\/www.wurzelbaere.de\/index.php?rest_route=\/wp\/v2\/users\/1"}],"replies":[{"embeddable":true,"href":"http:\/\/www.wurzelbaere.de\/index.php?rest_route=%2Fwp%2Fv2%2Fcomments&post=113"}],"version-history":[{"count":75,"href":"http:\/\/www.wurzelbaere.de\/index.php?rest_route=\/wp\/v2\/pages\/113\/revisions"}],"predecessor-version":[{"id":3466,"href":"http:\/\/www.wurzelbaere.de\/index.php?rest_route=\/wp\/v2\/pages\/113\/revisions\/3466"}],"wp:attachment":[{"href":"http:\/\/www.wurzelbaere.de\/index.php?rest_route=%2Fwp%2Fv2%2Fmedia&parent=113"}],"curies":[{"name":"wp","href":"https:\/\/api.w.org\/{rel}","templated":true}]}}